{"id":29854,"date":"2025-04-16T14:19:39","date_gmt":"2025-04-16T11:19:39","guid":{"rendered":"https:\/\/drermanak.com\/?page_id=29854"},"modified":"2025-12-01T17:11:55","modified_gmt":"2025-12-01T14:11:55","slug":"ansiktslyft-fore-och-efter-foton","status":"publish","type":"page","link":"https:\/\/drermanak.com\/sv\/ansiktslyft-fore-och-efter-foton\/","title":{"rendered":"Ansiktslyft \u2013 F\u00f6re och efter foton"},"content":{"rendered":"<p>Uppt\u00e4ck de f\u00f6rvandlande resultaten i v\u00e5rt galleri med f\u00f6re- och efterbilder av ansiktslyft, som visar verkliga patientresultat utf\u00f6rda av Dr. Erman Ak. Se hur professionellt utf\u00f6rda ansiktslyft kan f\u00f6ryngra ansiktskonturerna, minska slapp hud och \u00e5terst\u00e4lla ett ungdomligt utseende. Varje bildserie lyfter fram det naturliga och fr\u00e4scha resultat som uppn\u00e5s genom personlig kirurgisk planering och precisa tekniker. Detta galleri \u00e4r idealiskt f\u00f6r dig som \u00f6verv\u00e4ger ansiktsf\u00f6ryngring och ger v\u00e4rdefulla insikter om vad som \u00e4r m\u00f6jligt med modern ansiktslyftskirurgi. Om du s\u00f6ker en skicklig ansiktslyftkirurg i Turkiet \u00e5terspeglar Dr. Erman Aks arbete b\u00e5de konstn\u00e4rlighet och excellens inom ansiktsestetik.<\/p>\n\n  \n    <div class=\"row large-columns-2 medium-columns- small-columns-\" >\n  <div class=\"gallery-col col\" >\n          <div class=\"col-inner\">\n            <a class=\"image-lightbox lightbox-gallery\" href=\"https:\/\/drermanak.com\/wp-content\/uploads\/2025\/04\/facelift-surgery-before-after-in-turkey-1.webp\" title=\"\">            <div class=\"box has-hover gallery-box box-overlay dark\">\n              <div class=\"box-image\" >\n                <img decoding=\"async\" width=\"1640\" height=\"924\" src=\"https:\/\/drermanak.com\/wp-content\/uploads\/2025\/04\/facelift-surgery-before-after-in-turkey-1.webp\" class=\"attachment-2048x2048 size-2048x2048\" alt=\"\" ids=\"29847,29848,29849,29850,29851,29852,29853\" lightbox_image_size=\"original\" columns=\"2\" image_size=\"2048x2048\" srcset=\"https:\/\/drermanak.com\/wp-content\/uploads\/2025\/04\/facelift-surgery-before-after-in-turkey-1.webp 1640w, https:\/\/drermanak.com\/wp-content\/uploads\/2025\/04\/facelift-surgery-before-after-in-turkey-1-300x169.webp 300w, https:\/\/drermanak.com\/wp-content\/uploads\/2025\/04\/facelift-surgery-before-after-in-turkey-1-1024x577.webp 1024w, https:\/\/drermanak.com\/wp-content\/uploads\/2025\/04\/facelift-surgery-before-after-in-turkey-1-768x433.webp 768w, https:\/\/drermanak.com\/wp-content\/uploads\/2025\/04\/facelift-surgery-before-after-in-turkey-1-1536x865.webp 1536w\" sizes=\"(max-width: 1640px) 100vw, 1640px\" title=\"\">                                  <div class=\"overlay fill\"\n                      style=\"background-color: rgba(0,0,0,.15)\">\n                  <\/div>\n                                                              <\/div>\n              <div class=\"box-text text-left\" >\n                 <p><\/p>\n              <\/div>\n            <\/div>\n            <\/a>          <\/div>\n         <\/div><div class=\"gallery-col col\" >\n          <div class=\"col-inner\">\n            <a class=\"image-lightbox lightbox-gallery\" href=\"https:\/\/drermanak.com\/wp-content\/uploads\/2025\/04\/facelift-surgery-before-after-in-turkey-4.webp\" title=\"\">            <div class=\"box has-hover gallery-box box-overlay dark\">\n              <div class=\"box-image\" >\n                <img decoding=\"async\" width=\"1640\" height=\"924\" src=\"https:\/\/drermanak.com\/wp-content\/uploads\/2025\/04\/facelift-surgery-before-after-in-turkey-4.webp\" class=\"attachment-2048x2048 size-2048x2048\" alt=\"\" ids=\"29847,29848,29849,29850,29851,29852,29853\" lightbox_image_size=\"original\" columns=\"2\" image_size=\"2048x2048\" srcset=\"https:\/\/drermanak.com\/wp-content\/uploads\/2025\/04\/facelift-surgery-before-after-in-turkey-4.webp 1640w, https:\/\/drermanak.com\/wp-content\/uploads\/2025\/04\/facelift-surgery-before-after-in-turkey-4-300x169.webp 300w, https:\/\/drermanak.com\/wp-content\/uploads\/2025\/04\/facelift-surgery-before-after-in-turkey-4-1024x577.webp 1024w, https:\/\/drermanak.com\/wp-content\/uploads\/2025\/04\/facelift-surgery-before-after-in-turkey-4-768x433.webp 768w, https:\/\/drermanak.com\/wp-content\/uploads\/2025\/04\/facelift-surgery-before-after-in-turkey-4-1536x865.webp 1536w\" sizes=\"(max-width: 1640px) 100vw, 1640px\" title=\"\">                                  <div class=\"overlay fill\"\n                      style=\"background-color: rgba(0,0,0,.15)\">\n                  <\/div>\n                                                              <\/div>\n              <div class=\"box-text text-left\" >\n                 <p><\/p>\n              <\/div>\n            <\/div>\n            <\/a>          <\/div>\n         <\/div><div class=\"gallery-col col\" >\n          <div class=\"col-inner\">\n            <a class=\"image-lightbox lightbox-gallery\" href=\"https:\/\/drermanak.com\/wp-content\/uploads\/2025\/04\/facelift-surgery-before-after-in-turkey-5.webp\" title=\"\">            <div class=\"box has-hover gallery-box box-overlay dark\">\n              <div class=\"box-image\" >\n                <img decoding=\"async\" width=\"1640\" height=\"924\" src=\"https:\/\/drermanak.com\/wp-content\/uploads\/2025\/04\/facelift-surgery-before-after-in-turkey-5.webp\" class=\"attachment-2048x2048 size-2048x2048\" alt=\"\" ids=\"29847,29848,29849,29850,29851,29852,29853\" lightbox_image_size=\"original\" columns=\"2\" image_size=\"2048x2048\" srcset=\"https:\/\/drermanak.com\/wp-content\/uploads\/2025\/04\/facelift-surgery-before-after-in-turkey-5.webp 1640w, https:\/\/drermanak.com\/wp-content\/uploads\/2025\/04\/facelift-surgery-before-after-in-turkey-5-300x169.webp 300w, https:\/\/drermanak.com\/wp-content\/uploads\/2025\/04\/facelift-surgery-before-after-in-turkey-5-1024x577.webp 1024w, https:\/\/drermanak.com\/wp-content\/uploads\/2025\/04\/facelift-surgery-before-after-in-turkey-5-768x433.webp 768w, https:\/\/drermanak.com\/wp-content\/uploads\/2025\/04\/facelift-surgery-before-after-in-turkey-5-1536x865.webp 1536w\" sizes=\"(max-width: 1640px) 100vw, 1640px\" title=\"\">                                  <div class=\"overlay fill\"\n                      style=\"background-color: rgba(0,0,0,.15)\">\n                  <\/div>\n                                                              <\/div>\n              <div class=\"box-text text-left\" >\n                 <p><\/p>\n              <\/div>\n            <\/div>\n            <\/a>          <\/div>\n         <\/div><div class=\"gallery-col col\" >\n          <div class=\"col-inner\">\n            <a class=\"image-lightbox lightbox-gallery\" href=\"https:\/\/drermanak.com\/wp-content\/uploads\/2025\/04\/facelift-surgery-before-after-in-turkey-7.webp\" title=\"\">            <div class=\"box has-hover gallery-box box-overlay dark\">\n              <div class=\"box-image\" >\n                <img decoding=\"async\" width=\"1640\" height=\"924\" src=\"https:\/\/drermanak.com\/wp-content\/uploads\/2025\/04\/facelift-surgery-before-after-in-turkey-7.webp\" class=\"attachment-2048x2048 size-2048x2048\" alt=\"\" ids=\"29847,29848,29849,29850,29851,29852,29853\" lightbox_image_size=\"original\" columns=\"2\" image_size=\"2048x2048\" srcset=\"https:\/\/drermanak.com\/wp-content\/uploads\/2025\/04\/facelift-surgery-before-after-in-turkey-7.webp 1640w, https:\/\/drermanak.com\/wp-content\/uploads\/2025\/04\/facelift-surgery-before-after-in-turkey-7-300x169.webp 300w, https:\/\/drermanak.com\/wp-content\/uploads\/2025\/04\/facelift-surgery-before-after-in-turkey-7-1024x577.webp 1024w, https:\/\/drermanak.com\/wp-content\/uploads\/2025\/04\/facelift-surgery-before-after-in-turkey-7-768x433.webp 768w, https:\/\/drermanak.com\/wp-content\/uploads\/2025\/04\/facelift-surgery-before-after-in-turkey-7-1536x865.webp 1536w\" sizes=\"(max-width: 1640px) 100vw, 1640px\" title=\"\">                                  <div class=\"overlay fill\"\n                      style=\"background-color: rgba(0,0,0,.15)\">\n                  <\/div>\n                                                              <\/div>\n              <div class=\"box-text text-left\" >\n                 <p><\/p>\n              <\/div>\n            <\/div>\n            <\/a>          <\/div>\n         <\/div><div class=\"gallery-col col\" >\n          <div class=\"col-inner\">\n            <a class=\"image-lightbox lightbox-gallery\" href=\"https:\/\/drermanak.com\/wp-content\/uploads\/2025\/04\/facelift-surgery-before-after-in-turkey-9.webp\" title=\"\">            <div class=\"box has-hover gallery-box box-overlay dark\">\n              <div class=\"box-image\" >\n                <img decoding=\"async\" width=\"1640\" height=\"924\" src=\"https:\/\/drermanak.com\/wp-content\/uploads\/2025\/04\/facelift-surgery-before-after-in-turkey-9.webp\" class=\"attachment-2048x2048 size-2048x2048\" alt=\"\" ids=\"29847,29848,29849,29850,29851,29852,29853\" lightbox_image_size=\"original\" columns=\"2\" image_size=\"2048x2048\" srcset=\"https:\/\/drermanak.com\/wp-content\/uploads\/2025\/04\/facelift-surgery-before-after-in-turkey-9.webp 1640w, https:\/\/drermanak.com\/wp-content\/uploads\/2025\/04\/facelift-surgery-before-after-in-turkey-9-300x169.webp 300w, https:\/\/drermanak.com\/wp-content\/uploads\/2025\/04\/facelift-surgery-before-after-in-turkey-9-1024x577.webp 1024w, https:\/\/drermanak.com\/wp-content\/uploads\/2025\/04\/facelift-surgery-before-after-in-turkey-9-768x433.webp 768w, https:\/\/drermanak.com\/wp-content\/uploads\/2025\/04\/facelift-surgery-before-after-in-turkey-9-1536x865.webp 1536w\" sizes=\"(max-width: 1640px) 100vw, 1640px\" title=\"\">                                  <div class=\"overlay fill\"\n                      style=\"background-color: rgba(0,0,0,.15)\">\n                  <\/div>\n                                                              <\/div>\n              <div class=\"box-text text-left\" >\n                 <p><\/p>\n              <\/div>\n            <\/div>\n            <\/a>          <\/div>\n         <\/div><div class=\"gallery-col col\" >\n          <div class=\"col-inner\">\n            <a class=\"image-lightbox lightbox-gallery\" href=\"https:\/\/drermanak.com\/wp-content\/uploads\/2025\/04\/facelift-surgery-before-after-in-turkey-11.webp\" title=\"\">            <div class=\"box has-hover gallery-box box-overlay dark\">\n              <div class=\"box-image\" >\n                <img decoding=\"async\" width=\"1640\" height=\"924\" src=\"https:\/\/drermanak.com\/wp-content\/uploads\/2025\/04\/facelift-surgery-before-after-in-turkey-11.webp\" class=\"attachment-2048x2048 size-2048x2048\" alt=\"\" ids=\"29847,29848,29849,29850,29851,29852,29853\" lightbox_image_size=\"original\" columns=\"2\" image_size=\"2048x2048\" srcset=\"https:\/\/drermanak.com\/wp-content\/uploads\/2025\/04\/facelift-surgery-before-after-in-turkey-11.webp 1640w, https:\/\/drermanak.com\/wp-content\/uploads\/2025\/04\/facelift-surgery-before-after-in-turkey-11-300x169.webp 300w, https:\/\/drermanak.com\/wp-content\/uploads\/2025\/04\/facelift-surgery-before-after-in-turkey-11-1024x577.webp 1024w, https:\/\/drermanak.com\/wp-content\/uploads\/2025\/04\/facelift-surgery-before-after-in-turkey-11-768x433.webp 768w, https:\/\/drermanak.com\/wp-content\/uploads\/2025\/04\/facelift-surgery-before-after-in-turkey-11-1536x865.webp 1536w\" sizes=\"(max-width: 1640px) 100vw, 1640px\" title=\"\">                                  <div class=\"overlay fill\"\n                      style=\"background-color: rgba(0,0,0,.15)\">\n                  <\/div>\n                                                              <\/div>\n              <div class=\"box-text text-left\" >\n                 <p><\/p>\n              <\/div>\n            <\/div>\n            <\/a>          <\/div>\n         <\/div><div class=\"gallery-col col\" >\n          <div class=\"col-inner\">\n            <a class=\"image-lightbox lightbox-gallery\" href=\"https:\/\/drermanak.com\/wp-content\/uploads\/2025\/04\/Combined-Facelift-Neck-Lift.webp\" title=\"\">            <div class=\"box has-hover gallery-box box-overlay dark\">\n              <div class=\"box-image\" >\n                <img decoding=\"async\" width=\"1080\" height=\"1350\" src=\"https:\/\/drermanak.com\/wp-content\/uploads\/2025\/04\/Combined-Facelift-Neck-Lift.webp\" class=\"attachment-2048x2048 size-2048x2048\" alt=\"\" ids=\"29847,29848,29849,29850,29851,29852,29853\" lightbox_image_size=\"original\" columns=\"2\" image_size=\"2048x2048\" srcset=\"https:\/\/drermanak.com\/wp-content\/uploads\/2025\/04\/Combined-Facelift-Neck-Lift.webp 1080w, https:\/\/drermanak.com\/wp-content\/uploads\/2025\/04\/Combined-Facelift-Neck-Lift-240x300.webp 240w, https:\/\/drermanak.com\/wp-content\/uploads\/2025\/04\/Combined-Facelift-Neck-Lift-819x1024.webp 819w, https:\/\/drermanak.com\/wp-content\/uploads\/2025\/04\/Combined-Facelift-Neck-Lift-768x960.webp 768w\" sizes=\"(max-width: 1080px) 100vw, 1080px\" title=\"\">                                  <div class=\"overlay fill\"\n                      style=\"background-color: rgba(0,0,0,.15)\">\n                  <\/div>\n                                                              <\/div>\n              <div class=\"box-text text-left\" >\n                 <p><\/p>\n              <\/div>\n            <\/div>\n            <\/a>          <\/div>\n         <\/div><\/div>\n","protected":false},"excerpt":{"rendered":"<p>Uppt\u00e4ck de f\u00f6rvandlande resultaten i v\u00e5rt galleri med f\u00f6re- och efterbilder av ansiktslyft, som visar verkliga patientresultat utf\u00f6rda av Dr. Erman Ak. Se hur professionellt utf\u00f6rda ansiktslyft kan f\u00f6ryngra ansiktskonturerna, minska slapp hud och \u00e5terst\u00e4lla ett ungdomligt utseende. Varje bildserie lyfter fram det naturliga och fr\u00e4scha resultat som uppn\u00e5s genom personlig kirurgisk planering och precisa [&#8230;]\n","protected":false},"author":2,"featured_media":0,"parent":0,"menu_order":0,"comment_status":"closed","ping_status":"closed","template":"","meta":{"footnotes":""},"class_list":["post-29854","page","type-page","status-publish","hentry"],"_links":{"self":[{"href":"https:\/\/drermanak.com\/sv\/wp-json\/wp\/v2\/pages\/29854","targetHints":{"allow":["GET"]}}],"collection":[{"href":"https:\/\/drermanak.com\/sv\/wp-json\/wp\/v2\/pages"}],"about":[{"href":"https:\/\/drermanak.com\/sv\/wp-json\/wp\/v2\/types\/page"}],"author":[{"embeddable":true,"href":"https:\/\/drermanak.com\/sv\/wp-json\/wp\/v2\/users\/2"}],"replies":[{"embeddable":true,"href":"https:\/\/drermanak.com\/sv\/wp-json\/wp\/v2\/comments?post=29854"}],"version-history":[{"count":2,"href":"https:\/\/drermanak.com\/sv\/wp-json\/wp\/v2\/pages\/29854\/revisions"}],"predecessor-version":[{"id":29865,"href":"https:\/\/drermanak.com\/sv\/wp-json\/wp\/v2\/pages\/29854\/revisions\/29865"}],"wp:attachment":[{"href":"https:\/\/drermanak.com\/sv\/wp-json\/wp\/v2\/media?parent=29854"}],"curies":[{"name":"wp","href":"https:\/\/api.w.org\/{rel}","templated":true}]}}

Ansiktslyft – Före och efter foton

<p>Upptäck de förvandlande resultaten i vårt galleri med före- och efterbilder av ansiktslyft, som visar verkliga patientresultat utförda av Dr. Erman Ak. Se hur professionellt utförda ansiktslyft kan föryngra ansiktskonturerna, minska slapp hud och återställa ett ungdomligt utseende. Varje bildserie lyfter fram det naturliga och fräscha resultat som uppnås genom personlig kirurgisk planering och precisa tekniker. Detta galleri är idealiskt för dig som överväger ansiktsföryngring och ger värdefulla insikter om vad som är möjligt med modern ansiktslyftskirurgi. Om du söker en skicklig ansiktslyftkirurg i Turkiet återspeglar Dr. Erman Aks arbete både konstnärlighet och excellens inom ansiktsestetik.</p>

  
    <div class="row large-columns-2 medium-columns- small-columns-" >
  <div class="gallery-col col" >
          <div class="col-inner">
            <a class="image-lightbox lightbox-gallery" href="https://drermanak.com/wp-content/uploads/2025/04/facelift-surgery-before-after-in-turkey-1.webp" title="">            <div class="box has-hover gallery-box box-overlay dark">
              <div class="box-image" >
                <img decoding="async" width="1640" height="924" src="https://drermanak.com/wp-content/uploads/2025/04/facelift-surgery-before-after-in-turkey-1.webp" class="attachment-2048x2048 size-2048x2048" alt="" ids="29847,29848,29849,29850,29851,29852,29853" lightbox_image_size="original" columns="2" image_size="2048x2048" srcset="https://drermanak.com/wp-content/uploads/2025/04/facelift-surgery-before-after-in-turkey-1.webp 1640w, https://drermanak.com/wp-content/uploads/2025/04/facelift-surgery-before-after-in-turkey-1-300x169.webp 300w, https://drermanak.com/wp-content/uploads/2025/04/facelift-surgery-before-after-in-turkey-1-1024x577.webp 1024w, https://drermanak.com/wp-content/uploads/2025/04/facelift-surgery-before-after-in-turkey-1-768x433.webp 768w, https://drermanak.com/wp-content/uploads/2025/04/facelift-surgery-before-after-in-turkey-1-1536x865.webp 1536w" sizes="(max-width: 1640px) 100vw, 1640px" title="">                                  <div class="overlay fill"
                      style="background-color: rgba(0,0,0,.15)">
                  </div>
                                                              </div>
              <div class="box-text text-left" >
                 <p></p>
              </div>
            </div>
            </a>          </div>
         </div><div class="gallery-col col" >
          <div class="col-inner">
            <a class="image-lightbox lightbox-gallery" href="https://drermanak.com/wp-content/uploads/2025/04/facelift-surgery-before-after-in-turkey-4.webp" title="">            <div class="box has-hover gallery-box box-overlay dark">
              <div class="box-image" >
                <img decoding="async" width="1640" height="924" src="https://drermanak.com/wp-content/uploads/2025/04/facelift-surgery-before-after-in-turkey-4.webp" class="attachment-2048x2048 size-2048x2048" alt="" ids="29847,29848,29849,29850,29851,29852,29853" lightbox_image_size="original" columns="2" image_size="2048x2048" srcset="https://drermanak.com/wp-content/uploads/2025/04/facelift-surgery-before-after-in-turkey-4.webp 1640w, https://drermanak.com/wp-content/uploads/2025/04/facelift-surgery-before-after-in-turkey-4-300x169.webp 300w, https://drermanak.com/wp-content/uploads/2025/04/facelift-surgery-before-after-in-turkey-4-1024x577.webp 1024w, https://drermanak.com/wp-content/uploads/2025/04/facelift-surgery-before-after-in-turkey-4-768x433.webp 768w, https://drermanak.com/wp-content/uploads/2025/04/facelift-surgery-before-after-in-turkey-4-1536x865.webp 1536w" sizes="(max-width: 1640px) 100vw, 1640px" title="">                                  <div class="overlay fill"
                      style="background-color: rgba(0,0,0,.15)">
                  </div>
                                                              </div>
              <div class="box-text text-left" >
                 <p></p>
              </div>
            </div>
            </a>          </div>
         </div><div class="gallery-col col" >
          <div class="col-inner">
            <a class="image-lightbox lightbox-gallery" href="https://drermanak.com/wp-content/uploads/2025/04/facelift-surgery-before-after-in-turkey-5.webp" title="">            <div class="box has-hover gallery-box box-overlay dark">
              <div class="box-image" >
                <img decoding="async" width="1640" height="924" src="https://drermanak.com/wp-content/uploads/2025/04/facelift-surgery-before-after-in-turkey-5.webp" class="attachment-2048x2048 size-2048x2048" alt="" ids="29847,29848,29849,29850,29851,29852,29853" lightbox_image_size="original" columns="2" image_size="2048x2048" srcset="https://drermanak.com/wp-content/uploads/2025/04/facelift-surgery-before-after-in-turkey-5.webp 1640w, https://drermanak.com/wp-content/uploads/2025/04/facelift-surgery-before-after-in-turkey-5-300x169.webp 300w, https://drermanak.com/wp-content/uploads/2025/04/facelift-surgery-before-after-in-turkey-5-1024x577.webp 1024w, https://drermanak.com/wp-content/uploads/2025/04/facelift-surgery-before-after-in-turkey-5-768x433.webp 768w, https://drermanak.com/wp-content/uploads/2025/04/facelift-surgery-before-after-in-turkey-5-1536x865.webp 1536w" sizes="(max-width: 1640px) 100vw, 1640px" title="">                                  <div class="overlay fill"
                      style="background-color: rgba(0,0,0,.15)">
                  </div>
                                                              </div>
              <div class="box-text text-left" >
                 <p></p>
              </div>
            </div>
            </a>          </div>
         </div><div class="gallery-col col" >
          <div class="col-inner">
            <a class="image-lightbox lightbox-gallery" href="https://drermanak.com/wp-content/uploads/2025/04/facelift-surgery-before-after-in-turkey-7.webp" title="">            <div class="box has-hover gallery-box box-overlay dark">
              <div class="box-image" >
                <img decoding="async" width="1640" height="924" src="https://drermanak.com/wp-content/uploads/2025/04/facelift-surgery-before-after-in-turkey-7.webp" class="attachment-2048x2048 size-2048x2048" alt="" ids="29847,29848,29849,29850,29851,29852,29853" lightbox_image_size="original" columns="2" image_size="2048x2048" srcset="https://drermanak.com/wp-content/uploads/2025/04/facelift-surgery-before-after-in-turkey-7.webp 1640w, https://drermanak.com/wp-content/uploads/2025/04/facelift-surgery-before-after-in-turkey-7-300x169.webp 300w, https://drermanak.com/wp-content/uploads/2025/04/facelift-surgery-before-after-in-turkey-7-1024x577.webp 1024w, https://drermanak.com/wp-content/uploads/2025/04/facelift-surgery-before-after-in-turkey-7-768x433.webp 768w, https://drermanak.com/wp-content/uploads/2025/04/facelift-surgery-before-after-in-turkey-7-1536x865.webp 1536w" sizes="(max-width: 1640px) 100vw, 1640px" title="">                                  <div class="overlay fill"
                      style="background-color: rgba(0,0,0,.15)">
                  </div>
                                                              </div>
              <div class="box-text text-left" >
                 <p></p>
              </div>
            </div>
            </a>          </div>
         </div><div class="gallery-col col" >
          <div class="col-inner">
            <a class="image-lightbox lightbox-gallery" href="https://drermanak.com/wp-content/uploads/2025/04/facelift-surgery-before-after-in-turkey-9.webp" title="">            <div class="box has-hover gallery-box box-overlay dark">
              <div class="box-image" >
                <img decoding="async" width="1640" height="924" src="https://drermanak.com/wp-content/uploads/2025/04/facelift-surgery-before-after-in-turkey-9.webp" class="attachment-2048x2048 size-2048x2048" alt="" ids="29847,29848,29849,29850,29851,29852,29853" lightbox_image_size="original" columns="2" image_size="2048x2048" srcset="https://drermanak.com/wp-content/uploads/2025/04/facelift-surgery-before-after-in-turkey-9.webp 1640w, https://drermanak.com/wp-content/uploads/2025/04/facelift-surgery-before-after-in-turkey-9-300x169.webp 300w, https://drermanak.com/wp-content/uploads/2025/04/facelift-surgery-before-after-in-turkey-9-1024x577.webp 1024w, https://drermanak.com/wp-content/uploads/2025/04/facelift-surgery-before-after-in-turkey-9-768x433.webp 768w, https://drermanak.com/wp-content/uploads/2025/04/facelift-surgery-before-after-in-turkey-9-1536x865.webp 1536w" sizes="(max-width: 1640px) 100vw, 1640px" title="">                                  <div class="overlay fill"
                      style="background-color: rgba(0,0,0,.15)">
                  </div>
                                                              </div>
              <div class="box-text text-left" >
                 <p></p>
              </div>
            </div>
            </a>          </div>
         </div><div class="gallery-col col" >
          <div class="col-inner">
            <a class="image-lightbox lightbox-gallery" href="https://drermanak.com/wp-content/uploads/2025/04/facelift-surgery-before-after-in-turkey-11.webp" title="">            <div class="box has-hover gallery-box box-overlay dark">
              <div class="box-image" >
                <img decoding="async" width="1640" height="924" src="https://drermanak.com/wp-content/uploads/2025/04/facelift-surgery-before-after-in-turkey-11.webp" class="attachment-2048x2048 size-2048x2048" alt="" ids="29847,29848,29849,29850,29851,29852,29853" lightbox_image_size="original" columns="2" image_size="2048x2048" srcset="https://drermanak.com/wp-content/uploads/2025/04/facelift-surgery-before-after-in-turkey-11.webp 1640w, https://drermanak.com/wp-content/uploads/2025/04/facelift-surgery-before-after-in-turkey-11-300x169.webp 300w, https://drermanak.com/wp-content/uploads/2025/04/facelift-surgery-before-after-in-turkey-11-1024x577.webp 1024w, https://drermanak.com/wp-content/uploads/2025/04/facelift-surgery-before-after-in-turkey-11-768x433.webp 768w, https://drermanak.com/wp-content/uploads/2025/04/facelift-surgery-before-after-in-turkey-11-1536x865.webp 1536w" sizes="(max-width: 1640px) 100vw, 1640px" title="">                                  <div class="overlay fill"
                      style="background-color: rgba(0,0,0,.15)">
                  </div>
                                                              </div>
              <div class="box-text text-left" >
                 <p></p>
              </div>
            </div>
            </a>          </div>
         </div><div class="gallery-col col" >
          <div class="col-inner">
            <a class="image-lightbox lightbox-gallery" href="https://drermanak.com/wp-content/uploads/2025/04/Combined-Facelift-Neck-Lift.webp" title="">            <div class="box has-hover gallery-box box-overlay dark">
              <div class="box-image" >
                <img decoding="async" width="1080" height="1350" src="https://drermanak.com/wp-content/uploads/2025/04/Combined-Facelift-Neck-Lift.webp" class="attachment-2048x2048 size-2048x2048" alt="" ids="29847,29848,29849,29850,29851,29852,29853" lightbox_image_size="original" columns="2" image_size="2048x2048" srcset="https://drermanak.com/wp-content/uploads/2025/04/Combined-Facelift-Neck-Lift.webp 1080w, https://drermanak.com/wp-content/uploads/2025/04/Combined-Facelift-Neck-Lift-240x300.webp 240w, https://drermanak.com/wp-content/uploads/2025/04/Combined-Facelift-Neck-Lift-819x1024.webp 819w, https://drermanak.com/wp-content/uploads/2025/04/Combined-Facelift-Neck-Lift-768x960.webp 768w" sizes="(max-width: 1080px) 100vw, 1080px" title="">                                  <div class="overlay fill"
                      style="background-color: rgba(0,0,0,.15)">
                  </div>
                                                              </div>
              <div class="box-text text-left" >
                 <p></p>
              </div>
            </div>
            </a>          </div>
         </div></div>

<p>Upptäck de förvandlande resultaten i vårt galleri med före- och efterbilder av ansiktslyft, som visar verkliga patientresultat utförda av Dr. Erman Ak. Se hur professionellt utförda ansiktslyft kan föryngra ansiktskonturerna, minska slapp hud och återställa ett ungdomligt utseende. Varje bildserie lyfter fram det naturliga och fräscha resultat som uppnås genom personlig kirurgisk planering och precisa [&#8230;]
